{"id":278,"date":"2021-04-06T11:26:40","date_gmt":"2021-04-06T09:26:40","guid":{"rendered":"https:\/\/libertycoiffure.com\/index.php\/home\/"},"modified":"2026-02-23T14:16:01","modified_gmt":"2026-02-23T13:16:01","slug":"accueil","status":"publish","type":"page","link":"https:\/\/libertycoiffure.com\/","title":{"rendered":"Accueil"},"content":{"rendered":"\t\t<div data-elementor-type=\"wp-page\" data-elementor-id=\"278\" class=\"elementor elementor-278\">\n\t\t\t\t\t\t<section class=\"elementor-section elementor-top-section elementor-element elementor-element-a2b79bc elementor-section-items-stretch elementor-section-height-min-height elementor-section-full_width elementor-section-height-default\" data-id=\"a2b79bc\" data-element_type=\"section\" data-e-type=\"section\">\n\t\t\t\t\t\t\t<div class=\"elementor-background-overlay\"><\/div>\n\t\t\t\t\t\t\t<div class=\"elementor-container elementor-column-gap-no\">\n\t\t\t\t\t<div class=\"elementor-column elementor-col-100 elementor-top-column elementor-element elementor-element-66808504\" data-id=\"66808504\" data-element_type=\"column\" data-e-type=\"column\">\n\t\t\t<div class=\"elementor-widget-wrap elementor-element-populated\">\n\t\t\t\t\t\t<div class=\"elementor-element elementor-element-63454d0f elementor-widget elementor-widget-heading\" data-id=\"63454d0f\" data-element_type=\"widget\" data-e-type=\"widget\" data-widget_type=\"heading.default\">\n\t\t\t\t<div class=\"elementor-widget-container\">\n\t\t\t\t\t<h2 class=\"elementor-heading-title elementor-size-large\">Liberty Coiffure  l'<b>exp\u00e9rience unique <\/b>\u00e0 domicile<\/h2>\t\t\t\t<\/div>\n\t\t\t\t<\/div>\n\t\t\t\t\t<\/div>\n\t\t<\/div>\n\t\t\t\t\t<\/div>\n\t\t<\/section>\n\t\t\t\t<section class=\"elementor-section elementor-top-section elementor-element elementor-element-6a1ccb7 elementor-section-boxed elementor-section-height-default elementor-section-height-default\" data-id=\"6a1ccb7\" data-element_type=\"section\" data-e-type=\"section\">\n\t\t\t\t\t\t<div class=\"elementor-container elementor-column-gap-default\">\n\t\t\t\t\t<div class=\"elementor-column elementor-col-50 elementor-top-column elementor-element elementor-element-518dfdd\" data-id=\"518dfdd\" data-element_type=\"column\" data-e-type=\"column\" data-settings=\"{&quot;background_background&quot;:&quot;classic&quot;}\">\n\t\t\t<div class=\"elementor-widget-wrap elementor-element-populated\">\n\t\t\t\t\t\t<div class=\"elementor-element elementor-element-684a808 elementor-widget elementor-widget-image\" data-id=\"684a808\" data-element_type=\"widget\" data-e-type=\"widget\" data-widget_type=\"image.default\">\n\t\t\t\t<div class=\"elementor-widget-container\">\n\t\t\t\t\t\t\t\t\t\t\t\t\t\t\t\t<a href=\"https:\/\/libertycoiffure.com\/index.php\/galerie-photos-trichotherapy\/\">\n\t\t\t\t\t\t\t<img fetchpriority=\"high\" decoding=\"async\" width=\"500\" height=\"500\" src=\"https:\/\/libertycoiffure.com\/wp-content\/uploads\/2026\/02\/Trichotherapy-1.png\" class=\"attachment-full size-full wp-image-3154\" alt=\"\" srcset=\"https:\/\/libertycoiffure.com\/wp-content\/uploads\/2026\/02\/Trichotherapy-1.png 500w, https:\/\/libertycoiffure.com\/wp-content\/uploads\/2026\/02\/Trichotherapy-1-300x300.png 300w, https:\/\/libertycoiffure.com\/wp-content\/uploads\/2026\/02\/Trichotherapy-1-150x150.png 150w\" sizes=\"(max-width: 500px) 100vw, 500px\" \/>\t\t\t\t\t\t\t\t<\/a>\n\t\t\t\t\t\t\t\t\t\t\t\t\t\t\t<\/div>\n\t\t\t\t<\/div>\n\t\t\t\t<div class=\"elementor-element elementor-element-fc2b515 elementor-widget elementor-widget-text-editor\" data-id=\"fc2b515\" data-element_type=\"widget\" data-e-type=\"widget\" data-widget_type=\"text-editor.default\">\n\t\t\t\t<div class=\"elementor-widget-container\">\n\t\t\t\t\t\t\t\t\t<p style=\"text-align: center;\"><strong>PRENEZ RENDEZ-VOUS AVEC VOUS !<\/strong><\/p>\t\t\t\t\t\t\t\t<\/div>\n\t\t\t\t<\/div>\n\t\t\t\t<div class=\"elementor-element elementor-element-8e38f9c elementor-widget elementor-widget-text-editor\" data-id=\"8e38f9c\" data-element_type=\"widget\" data-e-type=\"widget\" data-widget_type=\"text-editor.default\">\n\t\t\t\t<div class=\"elementor-widget-container\">\n\t\t\t\t\t\t\t\t\t<p style=\"text-align: center;\">La 1\u00e8re coupe de cheveux qui harmonise le corps et l&rsquo;esprit. Charg\u00e9es de stress, de toxines, les cheveux perdent de leur \u00e9clat et leur vitalit\u00e9 &#8230; Ce soin \u00e9nerg\u00e9tique offre volume, brillance et lumi\u00e8re \u00e0 vos cheveux. Votre chevelure est instantan\u00e9ment transform\u00e9e!<br \/>Effet \u00ab\u00a0bonne mine\u00a0\u00bb imm\u00e9diat<\/p>\t\t\t\t\t\t\t\t<\/div>\n\t\t\t\t<\/div>\n\t\t\t\t\t<\/div>\n\t\t<\/div>\n\t\t\t\t<div class=\"elementor-column elementor-col-50 elementor-top-column elementor-element elementor-element-d9060bc\" data-id=\"d9060bc\" data-element_type=\"column\" data-e-type=\"column\">\n\t\t\t<div class=\"elementor-widget-wrap elementor-element-populated\">\n\t\t\t\t\t\t<div class=\"elementor-element elementor-element-352bdf2 elementor-widget elementor-widget-image\" data-id=\"352bdf2\" data-element_type=\"widget\" data-e-type=\"widget\" data-widget_type=\"image.default\">\n\t\t\t\t<div class=\"elementor-widget-container\">\n\t\t\t\t\t\t\t\t\t\t\t\t\t\t\t\t<a href=\"https:\/\/libertycoiffure.com\/index.php\/accueil-classique\/\">\n\t\t\t\t\t\t\t<img decoding=\"async\" width=\"768\" height=\"768\" data-src=\"https:\/\/libertycoiffure.com\/wp-content\/uploads\/2022\/11\/Logo-768x768.png\" class=\"attachment-medium_large size-medium_large wp-image-2923 lazyload\" alt=\"\" data-srcset=\"https:\/\/libertycoiffure.com\/wp-content\/uploads\/2022\/11\/Logo-768x768.png 768w, https:\/\/libertycoiffure.com\/wp-content\/uploads\/2022\/11\/Logo-300x300.png 300w, https:\/\/libertycoiffure.com\/wp-content\/uploads\/2022\/11\/Logo.png 1024w, https:\/\/libertycoiffure.com\/wp-content\/uploads\/2022\/11\/Logo-150x150.png 150w\" data-sizes=\"(max-width: 768px) 100vw, 768px\" src=\"data:image\/svg+xml;base64,PHN2ZyB3aWR0aD0iMSIgaGVpZ2h0PSIxIiB4bWxucz0iaHR0cDovL3d3dy53My5vcmcvMjAwMC9zdmciPjwvc3ZnPg==\" style=\"--smush-placeholder-width: 768px; --smush-placeholder-aspect-ratio: 768\/768;\" \/>\t\t\t\t\t\t\t\t<\/a>\n\t\t\t\t\t\t\t\t\t\t\t\t\t\t\t<\/div>\n\t\t\t\t<\/div>\n\t\t\t\t<div class=\"elementor-element elementor-element-e16bec6 elementor-widget elementor-widget-text-editor\" data-id=\"e16bec6\" data-element_type=\"widget\" data-e-type=\"widget\" data-widget_type=\"text-editor.default\">\n\t\t\t\t<div class=\"elementor-widget-container\">\n\t\t\t\t\t\t\t\t\t<p>Retrouvez ici tous les services habituels de Liberty Coiffure.<\/p><p>De la coupe de cheveux classique \u00e0 l&rsquo;offre mariage pour un accompagnement premium pour vous guider sur votre coiffure pour le plus beau jour de votre vie.<\/p>\t\t\t\t\t\t\t\t<\/div>\n\t\t\t\t<\/div>\n\t\t\t\t\t<\/div>\n\t\t<\/div>\n\t\t\t\t\t<\/div>\n\t\t<\/section>\n\t\t\t\t<section class=\"elementor-section elementor-top-section elementor-element elementor-element-8759e6e elementor-section-boxed elementor-section-height-default elementor-section-height-default\" data-id=\"8759e6e\" data-element_type=\"section\" data-e-type=\"section\" id=\"about\" data-settings=\"{&quot;background_background&quot;:&quot;classic&quot;}\">\n\t\t\t\t\t\t<div class=\"elementor-container elementor-column-gap-no\">\n\t\t\t\t\t<div class=\"elementor-column elementor-col-100 elementor-top-column elementor-element elementor-element-205d41ff\" data-id=\"205d41ff\" data-element_type=\"column\" data-e-type=\"column\">\n\t\t\t<div class=\"elementor-widget-wrap elementor-element-populated\">\n\t\t\t\t\t\t<div class=\"elementor-element elementor-element-2c2acc6b elementor-widget elementor-widget-menu-anchor\" data-id=\"2c2acc6b\" data-element_type=\"widget\" data-e-type=\"widget\" data-widget_type=\"menu-anchor.default\">\n\t\t\t\t<div class=\"elementor-widget-container\">\n\t\t\t\t\t\t\t<div class=\"elementor-menu-anchor\" id=\"aproposdemoi\"><\/div>\n\t\t\t\t\t\t<\/div>\n\t\t\t\t<\/div>\n\t\t\t\t<div class=\"elementor-element elementor-element-56391ea5 elementor-widget elementor-widget-image\" data-id=\"56391ea5\" data-element_type=\"widget\" data-e-type=\"widget\" data-widget_type=\"image.default\">\n\t\t\t\t<div class=\"elementor-widget-container\">\n\t\t\t\t\t\t\t\t\t\t\t\t\t\t\t<img decoding=\"async\" width=\"1920\" height=\"400\" data-src=\"https:\/\/libertycoiffure.com\/wp-content\/uploads\/2022\/11\/Blonde-Liberty-Coiffure-8.png\" class=\"attachment-full size-full wp-image-2840 lazyload\" alt=\"\" data-srcset=\"https:\/\/libertycoiffure.com\/wp-content\/uploads\/2022\/11\/Blonde-Liberty-Coiffure-8.png 1920w, https:\/\/libertycoiffure.com\/wp-content\/uploads\/2022\/11\/Blonde-Liberty-Coiffure-8-300x63.png 300w, https:\/\/libertycoiffure.com\/wp-content\/uploads\/2022\/11\/Blonde-Liberty-Coiffure-8-1024x213.png 1024w, https:\/\/libertycoiffure.com\/wp-content\/uploads\/2022\/11\/Blonde-Liberty-Coiffure-8-768x160.png 768w, https:\/\/libertycoiffure.com\/wp-content\/uploads\/2022\/11\/Blonde-Liberty-Coiffure-8-1536x320.png 1536w\" data-sizes=\"(max-width: 1920px) 100vw, 1920px\" src=\"data:image\/svg+xml;base64,PHN2ZyB3aWR0aD0iMSIgaGVpZ2h0PSIxIiB4bWxucz0iaHR0cDovL3d3dy53My5vcmcvMjAwMC9zdmciPjwvc3ZnPg==\" style=\"--smush-placeholder-width: 1920px; --smush-placeholder-aspect-ratio: 1920\/400;\" \/>\t\t\t\t\t\t\t\t\t\t\t\t\t\t\t<\/div>\n\t\t\t\t<\/div>\n\t\t\t\t<div class=\"elementor-section elementor-inner-section elementor-element elementor-element-1b42e9 elementor-section-content-top elementor-section-full_width elementor-section-height-default elementor-section-height-default\" data-id=\"1b42e9\" data-element_type=\"section\" data-e-type=\"section\">\n\t\t\t\t\t\t<div class=\"elementor-container elementor-column-gap-default\">\n\t\t\t\t\t<div class=\"elementor-column elementor-col-50 elementor-inner-column elementor-element elementor-element-31cf6b93\" data-id=\"31cf6b93\" data-element_type=\"column\" data-e-type=\"column\">\n\t\t\t<div class=\"elementor-widget-wrap elementor-element-populated\">\n\t\t\t\t\t\t<div class=\"elementor-element elementor-element-43b5b267 elementor-widget elementor-widget-image\" data-id=\"43b5b267\" data-element_type=\"widget\" data-e-type=\"widget\" data-widget_type=\"image.default\">\n\t\t\t\t<div class=\"elementor-widget-container\">\n\t\t\t\t\t\t\t\t\t\t\t\t\t\t\t\t<a href=\"https:\/\/libertycoiffure.com\/index.php\/qui-suis-je\/\">\n\t\t\t\t\t\t\t<img decoding=\"async\" width=\"300\" height=\"240\" data-src=\"https:\/\/libertycoiffure.com\/wp-content\/uploads\/2022\/11\/Sans-titre-2-300x240.png\" class=\"attachment-medium size-medium wp-image-2841 lazyload\" alt=\"\" data-srcset=\"https:\/\/libertycoiffure.com\/wp-content\/uploads\/2022\/11\/Sans-titre-2-300x240.png 300w, https:\/\/libertycoiffure.com\/wp-content\/uploads\/2022\/11\/Sans-titre-2-1024x819.png 1024w, https:\/\/libertycoiffure.com\/wp-content\/uploads\/2022\/11\/Sans-titre-2-768x614.png 768w, https:\/\/libertycoiffure.com\/wp-content\/uploads\/2022\/11\/Sans-titre-2-1536x1229.png 1536w, https:\/\/libertycoiffure.com\/wp-content\/uploads\/2022\/11\/Sans-titre-2.png 2000w\" data-sizes=\"(max-width: 300px) 100vw, 300px\" src=\"data:image\/svg+xml;base64,PHN2ZyB3aWR0aD0iMSIgaGVpZ2h0PSIxIiB4bWxucz0iaHR0cDovL3d3dy53My5vcmcvMjAwMC9zdmciPjwvc3ZnPg==\" style=\"--smush-placeholder-width: 300px; --smush-placeholder-aspect-ratio: 300\/240;\" \/>\t\t\t\t\t\t\t\t<\/a>\n\t\t\t\t\t\t\t\t\t\t\t\t\t\t\t<\/div>\n\t\t\t\t<\/div>\n\t\t\t\t\t<\/div>\n\t\t<\/div>\n\t\t\t\t<div class=\"elementor-column elementor-col-50 elementor-inner-column elementor-element elementor-element-43a1209e\" data-id=\"43a1209e\" data-element_type=\"column\" data-e-type=\"column\">\n\t\t\t<div class=\"elementor-widget-wrap elementor-element-populated\">\n\t\t\t\t\t\t<div class=\"elementor-element elementor-element-100fd57a elementor-widget elementor-widget-text-editor\" data-id=\"100fd57a\" data-element_type=\"widget\" data-e-type=\"widget\" data-widget_type=\"text-editor.default\">\n\t\t\t\t<div class=\"elementor-widget-container\">\n\t\t\t\t\t\t\t\t\t<p>J\u2019ai commenc\u00e9 la coiffure d\u00e8s mon plus jeune \u00e2ge.<br \/>Le <strong>bien \u00eatre et le cheveu<\/strong>\u00a0m&rsquo;apparaissaient comme une \u00e9vidence \u00a0! L\u2019univers avait d\u00e9j\u00e0 \u00e9crit mon chemin de vie.<br \/>Mon premier client : mon papa (un doux souvenir), puis mes poupons qui ont encore les stigmates de mes premi\u00e8res folies et enfin mes premi\u00e8res cr\u00e9ations sur t\u00eates humaines (merci \u00e0 ma maman et mes fr\u00e8res pour vos sacrifices capillaires \u00e0 cette \u00e9poque !!!) .<\/p><p><span style=\"font-style: inherit; font-family: var( --e-global-typography-text-font-family ), Sans-serif; color: var(--ast-global-color-3);\"><strong>13 ann\u00e9es<\/strong> de bons et loyaux services au sein d\u2019un salon Cogna\u00e7ais o\u00f9 je ne me sentais plus \u00e0 ma place, plus en accord avec moi-m\u00eame, mes valeurs du travail. Ma cr\u00e9ativit\u00e9 \u00e9tait devenue fade, il fallait que je sorte de ma zone de confort.<\/span><\/p><p>Ces prises de consciences m\u2019ont permise de me rapprocher de la <strong>\u00ab\u00a0vraie Alexandra\u00a0\u00bb<\/strong> qui sommeillait au fond de moi, <strong>de ce que j\u2019\u00e9tais capable d\u2019accomplir, de d\u00e9velopper, cr\u00e9er et partager<\/strong> .\u00a0<span style=\"font-style: inherit; font-family: var( --e-global-typography-text-font-family ), Sans-serif; color: var(--ast-global-color-3);\">Cela fait donc plus de <strong>5 ann\u00e9es<\/strong> que je suis coiffeuse \u00e0 domicile et <strong>j\u2019en suis combl\u00e9e.<\/strong>\u00a0<\/span><\/p><p><strong><span style=\"font-style: inherit; font-family: var( --e-global-typography-text-font-family ), Sans-serif; color: var(--ast-global-color-3);\">Avoir os\u00e9 bousculer ma vie, me d\u00e9passer chaque jour, croire en moi, prendre des risques me vaut aujourd\u2019hui la chance d\u2019\u00eatre une maman entrepreneuse et \u00e9panouie .<\/span><\/strong><\/p><p><strong>Alexandra.<\/strong><\/p>\t\t\t\t\t\t\t\t<\/div>\n\t\t\t\t<\/div>\n\t\t\t\t\t<\/div>\n\t\t<\/div>\n\t\t\t\t\t<\/div>\n\t\t<\/div>\n\t\t\t\t\t<\/div>\n\t\t<\/div>\n\t\t\t\t\t<\/div>\n\t\t<\/section>\n\t\t\t\t<\/div>\n\t\t","protected":false},"excerpt":{"rendered":"<p>Liberty Coiffure l&rsquo;exp\u00e9rience unique \u00e0 domicile PRENEZ RENDEZ-VOUS AVEC VOUS ! La 1\u00e8re coupe de cheveux qui harmonise le corps et l&rsquo;esprit. Charg\u00e9es de stress, de toxines, les cheveux perdent de leur \u00e9clat et leur vitalit\u00e9 &#8230; Ce soin \u00e9nerg\u00e9tique offre volume, brillance et lumi\u00e8re \u00e0 vos cheveux. Votre chevelure est instantan\u00e9ment transform\u00e9e!Effet \u00ab\u00a0bonne mine\u00a0\u00bb [&hellip;]<\/p>\n","protected":false},"author":1,"featured_media":0,"parent":0,"menu_order":0,"comment_status":"closed","ping_status":"closed","template":"","meta":{"site-sidebar-layout":"no-sidebar","site-content-layout":"page-builder","ast-site-content-layout":"default","site-content-style":"default","site-sidebar-style":"default","ast-global-header-display":"","ast-banner-title-visibility":"","ast-main-header-display":"","ast-hfb-above-header-display":"","ast-hfb-below-header-display":"","ast-hfb-mobile-header-display":"","site-post-title":"disabled","ast-breadcrumbs-content":"","ast-featured-img":"disabled","footer-sml-layout":"","ast-disable-related-posts":"","theme-transparent-header-meta":"enabled","adv-header-id-meta":"","stick-header-meta":"","header-above-stick-meta":"","header-main-stick-meta":"","header-below-stick-meta":"","astra-migrate-meta-layouts":"default","ast-page-background-enabled":"default","ast-page-background-meta":{"desktop":{"background-color":"","background-image":"","background-repeat":"repeat","background-position":"center center","background-size":"auto","background-attachment":"scroll","background-type":"","background-media":"","overlay-type":"","overlay-color":"","overlay-opacity":"","overlay-gradient":""},"tablet":{"background-color":"","background-image":"","background-repeat":"repeat","background-position":"center center","background-size":"auto","background-attachment":"scroll","background-type":"","background-media":"","overlay-type":"","overlay-color":"","overlay-opacity":"","overlay-gradient":""},"mobile":{"background-color":"","background-image":"","background-repeat":"repeat","background-position":"center center","background-size":"auto","background-attachment":"scroll","background-type":"","background-media":"","overlay-type":"","overlay-color":"","overlay-opacity":"","overlay-gradient":""}},"ast-content-background-meta":{"desktop":{"background-color":"var(--ast-global-color-5)","background-image":"","background-repeat":"repeat","background-position":"center center","background-size":"auto","background-attachment":"scroll","background-type":"","background-media":"","overlay-type":"","overlay-color":"","overlay-opacity":"","overlay-gradient":""},"tablet":{"background-color":"var(--ast-global-color-5)","background-image":"","background-repeat":"repeat","background-position":"center center","background-size":"auto","background-attachment":"scroll","background-type":"","background-media":"","overlay-type":"","overlay-color":"","overlay-opacity":"","overlay-gradient":""},"mobile":{"background-color":"var(--ast-global-color-5)","background-image":"","background-repeat":"repeat","background-position":"center center","background-size":"auto","background-attachment":"scroll","background-type":"","background-media":"","overlay-type":"","overlay-color":"","overlay-opacity":"","overlay-gradient":""}},"footnotes":""},"class_list":["post-278","page","type-page","status-publish","hentry"],"yoast_head":"<!-- This site is optimized with the Yoast SEO plugin v27.4 - https:\/\/yoast.com\/product\/yoast-seo-wordpress\/ -->\n<title>Accueil -<\/title>\n<meta name=\"robots\" content=\"index, follow, max-snippet:-1, max-image-preview:large, max-video-preview:-1\" \/>\n<link rel=\"canonical\" href=\"https:\/\/libertycoiffure.com\/\" \/>\n<meta property=\"og:locale\" content=\"fr_FR\" \/>\n<meta property=\"og:type\" content=\"article\" \/>\n<meta property=\"og:title\" content=\"Accueil -\" \/>\n<meta property=\"og:description\" content=\"Liberty Coiffure l&rsquo;exp\u00e9rience unique \u00e0 domicile PRENEZ RENDEZ-VOUS AVEC VOUS ! La 1\u00e8re coupe de cheveux qui harmonise le corps et l&rsquo;esprit. Charg\u00e9es de stress, de toxines, les cheveux perdent de leur \u00e9clat et leur vitalit\u00e9 &#8230; Ce soin \u00e9nerg\u00e9tique offre volume, brillance et lumi\u00e8re \u00e0 vos cheveux. Votre chevelure est instantan\u00e9ment transform\u00e9e!Effet \u00ab\u00a0bonne mine\u00a0\u00bb [&hellip;]\" \/>\n<meta property=\"og:url\" content=\"https:\/\/libertycoiffure.com\/\" \/>\n<meta property=\"article:publisher\" content=\"https:\/\/www.facebook.com\/alexandra.kwiecinski.cognac\" \/>\n<meta property=\"article:modified_time\" content=\"2026-02-23T13:16:01+00:00\" \/>\n<meta property=\"og:image\" content=\"https:\/\/libertycoiffure.com\/wp-content\/uploads\/2026\/02\/Trichotherapy-1.png\" \/>\n\t<meta property=\"og:image:width\" content=\"500\" \/>\n\t<meta property=\"og:image:height\" content=\"500\" \/>\n\t<meta property=\"og:image:type\" content=\"image\/png\" \/>\n<meta name=\"twitter:card\" content=\"summary_large_image\" \/>\n<meta name=\"twitter:label1\" content=\"Dur\u00e9e de lecture estim\u00e9e\" \/>\n\t<meta name=\"twitter:data1\" content=\"3 minutes\" \/>\n<script type=\"application\/ld+json\" class=\"yoast-schema-graph\">{\"@context\":\"https:\\\/\\\/schema.org\",\"@graph\":[{\"@type\":\"WebPage\",\"@id\":\"https:\\\/\\\/libertycoiffure.com\\\/\",\"url\":\"https:\\\/\\\/libertycoiffure.com\\\/\",\"name\":\"Accueil -\",\"isPartOf\":{\"@id\":\"https:\\\/\\\/libertycoiffure.com\\\/#website\"},\"primaryImageOfPage\":{\"@id\":\"https:\\\/\\\/libertycoiffure.com\\\/#primaryimage\"},\"image\":{\"@id\":\"https:\\\/\\\/libertycoiffure.com\\\/#primaryimage\"},\"thumbnailUrl\":\"https:\\\/\\\/libertycoiffure.com\\\/wp-content\\\/uploads\\\/2026\\\/02\\\/Trichotherapy-1.png\",\"datePublished\":\"2021-04-06T09:26:40+00:00\",\"dateModified\":\"2026-02-23T13:16:01+00:00\",\"breadcrumb\":{\"@id\":\"https:\\\/\\\/libertycoiffure.com\\\/#breadcrumb\"},\"inLanguage\":\"fr-FR\",\"potentialAction\":[{\"@type\":\"ReadAction\",\"target\":[\"https:\\\/\\\/libertycoiffure.com\\\/\"]}]},{\"@type\":\"ImageObject\",\"inLanguage\":\"fr-FR\",\"@id\":\"https:\\\/\\\/libertycoiffure.com\\\/#primaryimage\",\"url\":\"https:\\\/\\\/libertycoiffure.com\\\/wp-content\\\/uploads\\\/2026\\\/02\\\/Trichotherapy-1.png\",\"contentUrl\":\"https:\\\/\\\/libertycoiffure.com\\\/wp-content\\\/uploads\\\/2026\\\/02\\\/Trichotherapy-1.png\",\"width\":500,\"height\":500},{\"@type\":\"BreadcrumbList\",\"@id\":\"https:\\\/\\\/libertycoiffure.com\\\/#breadcrumb\",\"itemListElement\":[{\"@type\":\"ListItem\",\"position\":1,\"name\":\"Accueil\",\"item\":\"https:\\\/\\\/libertycoiffure.com\\\/\"},{\"@type\":\"ListItem\",\"position\":2,\"name\":\"Accueil\"}]},{\"@type\":\"WebSite\",\"@id\":\"https:\\\/\\\/libertycoiffure.com\\\/#website\",\"url\":\"https:\\\/\\\/libertycoiffure.com\\\/\",\"name\":\"\",\"description\":\"\",\"publisher\":{\"@id\":\"https:\\\/\\\/libertycoiffure.com\\\/#organization\"},\"potentialAction\":[{\"@type\":\"SearchAction\",\"target\":{\"@type\":\"EntryPoint\",\"urlTemplate\":\"https:\\\/\\\/libertycoiffure.com\\\/?s={search_term_string}\"},\"query-input\":{\"@type\":\"PropertyValueSpecification\",\"valueRequired\":true,\"valueName\":\"search_term_string\"}}],\"inLanguage\":\"fr-FR\"},{\"@type\":\"Organization\",\"@id\":\"https:\\\/\\\/libertycoiffure.com\\\/#organization\",\"name\":\"libertycoiffure\",\"url\":\"https:\\\/\\\/libertycoiffure.com\\\/\",\"logo\":{\"@type\":\"ImageObject\",\"inLanguage\":\"fr-FR\",\"@id\":\"https:\\\/\\\/libertycoiffure.com\\\/#\\\/schema\\\/logo\\\/image\\\/\",\"url\":\"https:\\\/\\\/i0.wp.com\\\/libertycoiffure.com\\\/wp-content\\\/uploads\\\/2021\\\/10\\\/Logo-Liberty-Coiffure-NOIROR-vec-fond-blanc.jpg?fit=2067%2C886&ssl=1\",\"contentUrl\":\"https:\\\/\\\/i0.wp.com\\\/libertycoiffure.com\\\/wp-content\\\/uploads\\\/2021\\\/10\\\/Logo-Liberty-Coiffure-NOIROR-vec-fond-blanc.jpg?fit=2067%2C886&ssl=1\",\"width\":2067,\"height\":886,\"caption\":\"libertycoiffure\"},\"image\":{\"@id\":\"https:\\\/\\\/libertycoiffure.com\\\/#\\\/schema\\\/logo\\\/image\\\/\"},\"sameAs\":[\"https:\\\/\\\/www.facebook.com\\\/alexandra.kwiecinski.cognac\",\"https:\\\/\\\/www.instagram.com\\\/alexandrakwiecinski\\\/\"]}]}<\/script>\n<!-- \/ Yoast SEO plugin. -->","yoast_head_json":{"title":"Accueil -","robots":{"index":"index","follow":"follow","max-snippet":"max-snippet:-1","max-image-preview":"max-image-preview:large","max-video-preview":"max-video-preview:-1"},"canonical":"https:\/\/libertycoiffure.com\/","og_locale":"fr_FR","og_type":"article","og_title":"Accueil -","og_description":"Liberty Coiffure l&rsquo;exp\u00e9rience unique \u00e0 domicile PRENEZ RENDEZ-VOUS AVEC VOUS ! La 1\u00e8re coupe de cheveux qui harmonise le corps et l&rsquo;esprit. Charg\u00e9es de stress, de toxines, les cheveux perdent de leur \u00e9clat et leur vitalit\u00e9 &#8230; Ce soin \u00e9nerg\u00e9tique offre volume, brillance et lumi\u00e8re \u00e0 vos cheveux. Votre chevelure est instantan\u00e9ment transform\u00e9e!Effet \u00ab\u00a0bonne mine\u00a0\u00bb [&hellip;]","og_url":"https:\/\/libertycoiffure.com\/","article_publisher":"https:\/\/www.facebook.com\/alexandra.kwiecinski.cognac","article_modified_time":"2026-02-23T13:16:01+00:00","og_image":[{"width":500,"height":500,"url":"https:\/\/libertycoiffure.com\/wp-content\/uploads\/2026\/02\/Trichotherapy-1.png","type":"image\/png"}],"twitter_card":"summary_large_image","twitter_misc":{"Dur\u00e9e de lecture estim\u00e9e":"3 minutes"},"schema":{"@context":"https:\/\/schema.org","@graph":[{"@type":"WebPage","@id":"https:\/\/libertycoiffure.com\/","url":"https:\/\/libertycoiffure.com\/","name":"Accueil -","isPartOf":{"@id":"https:\/\/libertycoiffure.com\/#website"},"primaryImageOfPage":{"@id":"https:\/\/libertycoiffure.com\/#primaryimage"},"image":{"@id":"https:\/\/libertycoiffure.com\/#primaryimage"},"thumbnailUrl":"https:\/\/libertycoiffure.com\/wp-content\/uploads\/2026\/02\/Trichotherapy-1.png","datePublished":"2021-04-06T09:26:40+00:00","dateModified":"2026-02-23T13:16:01+00:00","breadcrumb":{"@id":"https:\/\/libertycoiffure.com\/#breadcrumb"},"inLanguage":"fr-FR","potentialAction":[{"@type":"ReadAction","target":["https:\/\/libertycoiffure.com\/"]}]},{"@type":"ImageObject","inLanguage":"fr-FR","@id":"https:\/\/libertycoiffure.com\/#primaryimage","url":"https:\/\/libertycoiffure.com\/wp-content\/uploads\/2026\/02\/Trichotherapy-1.png","contentUrl":"https:\/\/libertycoiffure.com\/wp-content\/uploads\/2026\/02\/Trichotherapy-1.png","width":500,"height":500},{"@type":"BreadcrumbList","@id":"https:\/\/libertycoiffure.com\/#breadcrumb","itemListElement":[{"@type":"ListItem","position":1,"name":"Accueil","item":"https:\/\/libertycoiffure.com\/"},{"@type":"ListItem","position":2,"name":"Accueil"}]},{"@type":"WebSite","@id":"https:\/\/libertycoiffure.com\/#website","url":"https:\/\/libertycoiffure.com\/","name":"","description":"","publisher":{"@id":"https:\/\/libertycoiffure.com\/#organization"},"potentialAction":[{"@type":"SearchAction","target":{"@type":"EntryPoint","urlTemplate":"https:\/\/libertycoiffure.com\/?s={search_term_string}"},"query-input":{"@type":"PropertyValueSpecification","valueRequired":true,"valueName":"search_term_string"}}],"inLanguage":"fr-FR"},{"@type":"Organization","@id":"https:\/\/libertycoiffure.com\/#organization","name":"libertycoiffure","url":"https:\/\/libertycoiffure.com\/","logo":{"@type":"ImageObject","inLanguage":"fr-FR","@id":"https:\/\/libertycoiffure.com\/#\/schema\/logo\/image\/","url":"https:\/\/i0.wp.com\/libertycoiffure.com\/wp-content\/uploads\/2021\/10\/Logo-Liberty-Coiffure-NOIROR-vec-fond-blanc.jpg?fit=2067%2C886&ssl=1","contentUrl":"https:\/\/i0.wp.com\/libertycoiffure.com\/wp-content\/uploads\/2021\/10\/Logo-Liberty-Coiffure-NOIROR-vec-fond-blanc.jpg?fit=2067%2C886&ssl=1","width":2067,"height":886,"caption":"libertycoiffure"},"image":{"@id":"https:\/\/libertycoiffure.com\/#\/schema\/logo\/image\/"},"sameAs":["https:\/\/www.facebook.com\/alexandra.kwiecinski.cognac","https:\/\/www.instagram.com\/alexandrakwiecinski\/"]}]}},"_links":{"self":[{"href":"https:\/\/libertycoiffure.com\/index.php\/wp-json\/wp\/v2\/pages\/278","targetHints":{"allow":["GET"]}}],"collection":[{"href":"https:\/\/libertycoiffure.com\/index.php\/wp-json\/wp\/v2\/pages"}],"about":[{"href":"https:\/\/libertycoiffure.com\/index.php\/wp-json\/wp\/v2\/types\/page"}],"author":[{"embeddable":true,"href":"https:\/\/libertycoiffure.com\/index.php\/wp-json\/wp\/v2\/users\/1"}],"replies":[{"embeddable":true,"href":"https:\/\/libertycoiffure.com\/index.php\/wp-json\/wp\/v2\/comments?post=278"}],"version-history":[{"count":750,"href":"https:\/\/libertycoiffure.com\/index.php\/wp-json\/wp\/v2\/pages\/278\/revisions"}],"predecessor-version":[{"id":3160,"href":"https:\/\/libertycoiffure.com\/index.php\/wp-json\/wp\/v2\/pages\/278\/revisions\/3160"}],"wp:attachment":[{"href":"https:\/\/libertycoiffure.com\/index.php\/wp-json\/wp\/v2\/media?parent=278"}],"curies":[{"name":"wp","href":"https:\/\/api.w.org\/{rel}","templated":true}]}}